ppose 185 = 5*v + 5*z, x*v + 5*z = 2*v + 33. What is the units digit of v?
8
Let z = 41 + -41. Suppose -w + 6*w - 3*t - 887 = 0, 4*w - 5*t - 707 = z. What is the units digit of w?
8
Suppose 0 = -42*q + 34*q + 1240. Suppose 676 = 3*u - q. What is the hundreds digit of u?
2
Suppose 0*p + 4*p - 459 = a, a - 2*p = -469. What is the tens digit of a/(-9) + 34/(-153)?
5
Suppose -9*l = -13*l + 8. Suppose -l*u - r - 216 = -4*u, 90 = u + 4*r. What is the hundreds digit of u?
1
Suppose -2*o = -2 - 6. Let m = 6 - o. Suppose -m*q + 25 = -q. What is the tens digit of q?
2
Suppose 452 - 17 = 3*n. Suppose -5*j - n = -475. What is the units digit of j?
6
Suppose 4*u - 1578 = -r, -5*u - 4*r + 1031 = -936. What is the hundreds digit of u?
3
Let d = -27 + 50. Suppose -d*h + 20*h = -144. What is the units digit of h?
8
Suppose 5*u - 13795 = 5*p, -8*u = -13*u + 2*p + 13810. What is the tens digit of u?
6
Let s be -3*-19*(-1)/3. Let x = -13 - s. Let z(q) = 2*q - 3. What is the units digit of z(x)?
9
Let m(v) = 2*v - 1. Let r be m(3). Suppose -3*b - 15 = 3*i, 3*b + 3*i - r*i - 10 = 0. Suppose -4*f + 256 = -b*f. What is the units digit of f?
4
Let m(x) = -164*x - 152. What is the tens digit of m(-4)?
0
Suppose 4*n - 7 - 1 = 0. Suppose 0 = n*d + 1 - 9. Suppose 3*v - d*l = 58, -l - 20 = -v - 0*l. What is the units digit of v?
2
Suppose 8*c = 3*c. Suppose c = -d - 35. What is the units digit of (58/5)/((-14)/d)?
9
Suppose 20 = -4*w + 8*w. Suppose -8*j + 126 = -w*j. What is the tens digit of j?
4
Suppose -111 = l - 4*l. Suppose -l*w = -32*w - 90. What is the tens digit of w?
1
Let o(n) = -n**3 + n**2 + n - 1. Let x(r) = -11*r**3 - 2*r**2 - r + 4. Let b(l) = 2*o(l) + x(l). Let f be b(-1). What is the units digit of 8/f + (-4550)/(-98)?
7
Suppose 4*k = 4*v + 208, 0 = 4*v + v - 10. What is the tens digit of k?
5
What is the tens digit of 4/(-34) - (-333228)/238?
0
Suppose 0*a = -a + 3. Suppose -a*z + 13 + 8 = 0. What is the tens digit of 20 + 4 + -8 + z?
2
Let s(x) = -x + 2. Let o be s(2). Suppose o = 2*g - 7*g - 2*w - 214, 0 = -w - 2. Let q = -20 - g. What is the tens digit of q?
2
What is the units digit of (-58497)/(-217) + (-6)/(-14)?
0
Let q(l) = 7*l - 2. Let w be q(2). Let n be 3/(-4) + 309/w. Suppose z - n = -1. What is the units digit of z?
4
What is the units digit of 17/(595/4488 + 1/(-11))?
8
Suppose -4*r - 4 = -4*p, 4*p + 3*r - 27 = p. Let q be (-2)/5 + 107/p. Suppose 0 = 2*b + b - q. What is the units digit of b?
7
Let r(f) = f**3 + 5*f**2 + 9*f + 2. Let s be r(-2). What is the tens digit of 388/8*s*2/(-4)?
9
Suppose -s + 2*k - 17 = 0, 4*s - 64 = 8*s - 4*k. Suppose -3*h - 4 - 20 = 0. What is the units digit of h/5*s/6?
4
Suppose -29*i - 8592 = -45*i. What is the hundreds digit of i?
5
Let b(p) = 8*p**2 - 11 + 17*p**3 + 16*p**3 + p**2 - 32*p**3. What is the tens digit of b(-7)?
8
What is the thousands digit of ((23/2)/1)/((-3)/(-354))?
1
Let s(k) = k**3 - 9*k**2 - 10*k + 3. Let j be s(10). Suppose -j*b - 3*o + 81 = 0, 0 = 5*o - o - 12. What is the units digit of ((-134)/(-8))/(6/b)?
7
Let o(l) = l + 7. Suppose -4*w + 44 = 8. Let r be o(w). Let h = -4 + r. What is the units digit of h?
2
Let f = -28 + 48. Let o = 136 - f. Suppose 0 = g + g - o. What is the tens digit of g?
5
Let m = -171 - -252. Let j = -55 + m. Let v = j - 17. What is the units digit of v?
9
Suppose 98 = -7*b - 105. Let h = 4 - b. What is the units digit of h?
3
Let y(s) = 68*s + 55. What is the hundreds digit of y(7)?
5
Let v(l) = 15*l**2 + 3*l + 3. Let u be v(-7). Suppose -37 = 5*a - u. What is the tens digit of a?
3
Let w = -393 - -430. What is the tens digit of w?
3
Let i = -73 - -64. What is the units digit of 657/i*(-1 - 0)?
3
Let n = -85 + 147. Suppose 4*z + 5*s + 116 = 0, -5*z = -3*s + s + 112. Let t = z + n. What is the units digit of t?
8
Let q(x) = -16*x**3 + x**2 + 3*x - 6. Let y be q(2). What is the units digit of 1 - 2 - (y + 9 + -4)?
8
Let f = 66 - 61. Let q(l) = 23*l + 11. What is the hundreds digit of q(f)?
1
Suppose 0 = -5*m - 25, 434 = v - m - 373. What is the hundreds digit of v?
8
Let r(z) = z**3 - 3*z**2 - 5*z + 6. Let k be r(4). Let c(h) be the third derivative of h**4/24 + 16*h**2. What is the units digit of c(k)?
2
Suppose y + 13 - 11 = 0. What is the tens digit of 0 + 69 - (5 + y)?
6
Let b(t) = 2*t**2 - 3*t - t + 2*t**2 + t + 1. Let d be b(2). Let s(i) = 2*i - 12. What is the tens digit of s(d)?
1
What is the units digit of 1512/6 + -7 + -1?
4
Let t(d) = d + 2. Let u be t(0). Let w(h) = -12*h + 12 - 6*h**2 + 6*h**u + 4 - h**3 + 12*h**2. What is the units digit of w(11)?
5
Let w be 9 + -5 - (2 + 0). Suppose w*j = -3*j. Suppose 2*r + 2*n + 11 = 7*n, 2*r - 4*n + 6 = j. What is the units digit of r?
7
Suppose -18*a = 88*a - 42824. What is the units digit of a?
4
Let o(t) = t**3 + 16*t**2 + 17*t + 22. Let x be o(-15). Let d = -5 - x. Suppose 0 = -d*g - 6 + 36. What is the tens digit of g?
1
Suppose -3*u - 1012 = 5*p, 4*p + 2*u = u - 811. Let b = -126 - p. What is the units digit of b?
7
Let l = 679 + -334. What is the tens digit of l?
4
Suppose 3*o + 2*i = 5*i + 2793, 0 = -2*o - 3*i + 1867. What is the hundreds digit of o?
9
What is the thousands digit of 1/5 + (-6)/(30/(-5849))?
1
Let w = -37 + 24. What is the units digit of w*(-3 + -1) + 3?
5
Suppose -5*g = -59 + 9. What is the units digit of g?
0
Let h(c) = 421*c**2 - 13*c + 13. What is the hundreds digit of h(1)?
4
Let b(r) = 2*r**2 - 13*r + 14. Let v = -3 + 13. What is the units digit of b(v)?
4
Let r(c) = c**3 - 10*c**2 + 15*c. Suppose -10*x + 5*x + 45 = 0. What is the units digit of r(x)?
4
What is the units digit of (4 - -2) + (-3688)/(-4)?
8
Let j = -44 - -148. Suppose 0 = -f - 3*f + j. What is the tens digit of f?
2
Suppose 218 = 3*o - 448. Let t = o - 92. What is the tens digit of t?
3
Suppose -4*u - 2*q = -2*u + 4, 4*q - 8 = 4*u. What is the tens digit of (328/12)/(u/(-6))?
8
Suppose -2*i + 12*i = 20. Suppose -7*d = -9 + i. What is the units digit of d?
1
Suppose 35*j + 410 = 40*j. Suppose 0 = 57*g - 56*g - j. What is the tens digit of g?
8
Let j = -623 - -901. What is the tens digit of j?
7
Suppose -o + 17 = 2*y, 19 - 80 = -3*o - y. Suppose -o*c + 1936 = -13*c. What is the tens digit of c?
4
Let h = -53 + 54. What is the units digit of ((-1260)/(-5))/4*h?
3
Let g(s) = 9*s**3 - 3*s**2 - 13*s + 14. What is the units digit of g(4)?
0
Let p = 3190 + -1756. What is the units digit of p?
4
Suppose -294 - 104 = -2*n. Suppose 0 = -4*o - n + 39. What is the tens digit of (63/6)/((-15)/o)?
2
Let x be 52/2 - 8/(-2). Let d = 101 - x. What is the tens digit of d?
7
Suppose -28 - 200 = -3*l. Let m = 241 - l. What is the hundreds digit of m?
1
Let v(c) = -c + 1. Let y be v(6). Let d(h) = h**2. Let x(z) = z**3 - 11*z**2 + 2*z + 2. Let n(r) = y*d(r) - x(r). What is the units digit of n(2)?
0
Suppose -4*n - f + 13 = 0, -9*n + 12 = -4*n - 3*f. Let o(k) = -n + 8 + 0*k - 2*k + k**2. What is the units digit of o(-4)?
9
Suppose -6*d = -12*d - 132. What is the units digit of d/66 - (-394)/3?
1
Suppose 5*u = -5*f + 25, -32 = -5*u - 4*f - 10. Suppose 1078 = 5*t - 3*j, 4*t - 3*j = u*t + 424. What is the units digit of t?
8
Let w = 283 + -12. What is the tens digit of w?
7
Let j be (1 - 2 - (0 + 0))*-2. Suppose -d + 41 = j*t - 86, 4*d = -t + 543. What is the hundreds digit of d?
1
Let a(m) = m**2 - 38*m - 24. What is the hundreds digit of a(-31)?
1
Let k = 19 - 23. What is the tens digit of k*1*(-38)/8?
1
Let g be (4 - (2 + (0 - 3))) + 0. Suppose -179 = -3*u + g*j + 195, 0 = -u - 5*j + 138. What is the hundreds digit of u?
1
Let g(f) be the third derivative of 11*f**5/30 + 7*f**4/24 + f**3/6 + 42*f**2. What is the hundreds digit of g(3)?
2
Let b(p) = p**3 - 14*p**2 + 11*p - 5. Let x = 81 - 67. What is the tens digit of b(x)?
4
Let z = -24 - 11. Let w = 127 + z. What is the tens digit of w?
9
Suppose -2*i = -p + 2459, -2*i + 3 - 5 = 0. Suppose 2*l = -11*l + p. What is the tens digit of l?
8
Suppose a + 2*a = -0*a. Suppose 5*x - 12 = x, -p - 2*x + 101 = a. What is the tens digit of p?
9
What is the hundreds digit of -12 + (8 - (0 - 2364))?
3
Let m(r) = 36*r - 3 - 6 - 45*r. What is the units digit of m(-5)?
6
Let r = 651 + -245. What is the tens digit of r?
0
Let k(g) = 3*g**2 - 4*g + 1. Let b be -3*1 - (-19 + 6). Suppose -2*v + 14 = -4*u